te the remainder when 171 is divided by 19.
0
Calculate the remainder when 398 is divided by 391.
7
What is the remainder when 262 is divided by 15?
7
Calculate the remainder when 2844 is divided by 219.
216
What is the remainder when 924 is divided by 138?
96
What is the remainder when 513 is divided by 47?
43
Calculate the remainder when 6766 is divided by 67.
66
What is the remainder when 4858 is divided by 22?
18
What is the remainder when 9100 is divided by 16?
12
Calculate the remainder when 76 is divided by 20.
16
What is the remainder when 3770 is divided by 377?
0
What is the remainder when 367 is divided by 60?
7
What is the remainder when 556 is divided by 272?
12
Calculate the remainder when 272 is divided by 11.
8
What is the remainder when 82 is divided by 17?
14
Calculate the remainder when 86 is divided by 33.
20
What is the remainder when 410 is divided by 117?
59
Calculate the remainder when 156 is divided by 18.
12
Calculate the remainder when 335 is divided by 38.
31
What is the remainder when 179 is divided by 15?
14
Calculate the remainder when 695 is divided by 62.
13
What is the remainder when 540 is divided by 137?
129
Calculate the remainder when 519 is divided by 255.
9
Calculate the remainder when 2285 is divided by 233.
188
What is the remainder when 257 is divided by 52?
49
What is the remainder when 1139 is divided by 15?
14
What is the remainder when 164 is divided by 36?
20
Calculate the remainder when 7128 is divided by 62.
60
What is the remainder when 271 is divided by 15?
1
Calculate the remainder when 212 is divided by 8.
4
What is the remainder when 3909 is divided by 145?
139
What is the remainder when 381 is divided by 96?
93
Calculate the remainder when 3688 is divided by 247.
230
Calculate the remainder when 3622 is divided by 84.
10
What is the remainder when 76 is divided by 52?
24
What is the remainder when 210 is divided by 56?
42
Calculate the remainder when 1152 is divided by 21.
18
Calculate the remainder when 198 is divided by 34.
28
Calculate the remainder when 1137 is divided by 187.
15
What is the remainder when 66 is divided by 51?
15
What is the remainder when 2615 is divided by 870?
5
What is the remainder when 1587 is divided by 57?
48
Calculate the remainder when 214 is divided by 12.
10
What is the remainder when 2240 is divided by 55?
40
What is the remainder when 1924 is divided by 48?
4
Calculate the remainder when 25 is divided by 4.
1
Calculate the remainder when 256 is divided by 123.
10
Calculate the remainder when 129 is divided by 22.
19
What is the remainder when 806 is divided by 8?
6
What is the remainder when 2296 is divided by 19?
16
What is the remainder when 339 is divided by 109?
12
What is the remainder when 2056 is divided by 21?
19
Calculate the remainder when 151 is divided by 14.
11
Calculate the remainder when 28 is divided by 20.
8
Calculate the remainder when 1536 is divided by 77.
73
Calculate the remainder when 1187 is divided by 200.
187
What is the remainder when 1959 is divided by 109?
106
Calculate the remainder when 255 is divided by 37.
33
What is the remainder when 243 is divided by 76?
15
Calculate the remainder when 14584 is divided by 221.
219
What is the remainder when 299 is divided by 57?
14
What is the remainder when 25 is divided by 9?
7
What is the remainder when 52 is divided by 37?
15
Calculate the remainder when 54 is divided by 45.
9
What is the remainder when 189 is divided by 29?
15
What is the remainder when 286 is divided by 72?
70
What is the remainder when 4225 is divided by 1051?
21
What is the remainder when 93 is divided by 7?
2
Calculate the remainder when 423 is divided by 157.
109
Calculate the remainder when 833 is divided by 48.
17
What is the remainder when 161 is divided by 36?
17
What is the remainder when 1210 is divided by 123?
103
What is the remainder when 445 is divided by 32?
29
What is the remainder when 89 is divided by 23?
20
What is the remainder when 800 is divided by 74?
60
Calculate the remainder when 736 is divided by 359.
18
What is the remainder when 174 is divided by 54?
12
Calculate the remainder when 118 is divided by 49.
20
What is the remainder when 325 is divided by 55?
50
What is the remainder when 4325 is divided by 72?
5
Calculate the remainder when 1169 is divided by 6.
5
What is the remainder when 182 is divided by 20?
2
What is the remainder when 121 is divided by 32?
25
What is the remainder when 384 is divided by 103?
75
Calculate the remainder when 10 is divided by 10.
0
Calculate the remainder when 50 is divided by 21.
8
What is the remainder when 405 is divided by 108?
81
What is the remainder when 35 is divided by 17?
1
Calculate the remainder when 4026 is divided by 79.
76
Calculate the remainder when 141 is divided by 31.
17
What is the remainder when 104 is divided by 21?
20
What is the remainder when 78 is divided by 19?
2
What is the remainder when 2619 is divided by 16?
11
What is the remainder when 11773 is divided by 64?
61
Calculate the remainder when 2794 is divided by 4.
2
Calculate the remainder when 1551 is divided by 62.
1
Calculate the remainder when 323 is divided by 175.
148
Calculate the remainder when 2078 is divided by 41.
28
Calculate the remainder when 19171 is divided by 21.
19
Calculate the remainder when 4057 is divided by 42.
25
What is the remainder when 120 is divided by 11?
10
What is the remainder when 238 is divided by 36?
22
Calculate the remainder when 148 is divided by 66.
16
What is the remainder when 243 is divided by 49?
47
Calculate the remainder when 211 is divided by 35.
1
Calculate the remainder when 3077 is divided by 10.
7
Calculate the remainder when 216 is divided by 38.
26
What is the remainder when 425 is divided by 120?
65
What is the remainder when 258 is divided by 37?
36
What is the remainder when 40 is divided by 8?
0
What is the remainder when 233 is divided by 59?
56
What is the remainder when 2014 is divided by 167?
10
Calculate the remainder when 30 is divided by 3.
0
Calculate the remainder when 133 is divided by 14.
7
Calculate the remainder when 1089 is divided by 77.
11
Calculate the remainder when 149 is divided by 79.
70
Calculate the remainder when 9739 is divided by 4.
3
What is the remainder when 24631 is divided by 69?
67
Calculate the remainder when 5745 is divided by 12.
9
Calculate the remainder when 89 is divided by 45.
44
What is the remainder when 1658 is divided by 38?
24
Calculate the remainder when 26584 is divided by 42.
40
Calculate the remainder when 821 is divided by 800.
21
Calculate the remainder when 18333 is divided by 178.
177
What is the remainder when 759 is divided by 753?
6
What is the remainder when 123 is divided by 36?
15
Calculate the remainder when 777 is divided by 122.
45
What is the remainder when 143 is divided by 39?
26
What is the remainder when 11239 is divided by 4?
3
Calculate the remainder when 103 is divided by 8.
7
Calculate the remainder when 188 is divided by 38.
36
Calculate the remainder when 2258 is divided by 119.
116
Calculate the remainder when 725 is divided by 260.
205
Calculate the remainder when 828 is divided by 17.
12
Calculate the remainder when 184 is divided by 18.
4
Calculate the remainder when 1698 is divided by 85.
83
What is the remainder when 20 is divided by 4?
0
What is the remainder when 108 is divided by 14?
10
What is the remainder when 262 is divided by 67?
61
Calculate the remainder when 16 is divided by 8.
0
Calculate the remainder when 6073 is divided by 27.
25
What is the remainder when 237 is divided by 15?
12
What is the remainder when 224 is divided by 32?
0
Calculate the remainder when 1042 is divided by 19.
16
Calculate the remainder when 605 is divided by 337.
268
Calculate the remainder when 170 is divided by 16.
10
What is the remainder when 79 is divided by 33?
13
Calculate the remainder when 407 is divided by 50.
7
Calculate the remainder when 1802 is divided by 293.
44
Calculate the remainder when 131 is divided by 66.
65
Calculate the remainder when 334 is divided by 56.
54
Calculate the remainder when 14 is divided by 6.
2
Calculate the remainder when 246 is divided by 68.
42
What is the remainder when 260 is divided by 111?
38
What is 